7 a prime number?
True
Is 80419 prime?
False
Is 118097 a prime number?
False
Is 13 a composite number?
False
Is 1067 a prime number?
False
Is 4045 a composite number?
True
Is 1163 prime?
True
Is 1589 composite?
True
Is 24133 a prime number?
True
Is 120301 a prime number?
False
Is 466139 a prime number?
True
Is 210305 composite?
True
Is 2081 a composite number?
False
Is 81667 prime?
True
Is 2722 a composite number?
True
Is 87617 a composite number?
True
Is 4045 composite?
True
Is 28699 a prime number?
False
Is 8335 a composite number?
True
Is 120319 a prime number?
True
Is 889553 prime?
False
Is 12071 a composite number?
False
Is 42591 a prime number?
False
Is 8923 a composite number?
False
Is 12343 prime?
True
Is 19451 composite?
True
Is 7637 composite?
True
Is 446559 composite?
True
Is 127637 a composite number?
False
Is 250673 composite?
False
Is 165341 a composite number?
True
Is 444241 a composite number?
True
Is 96109 a composite number?
True
Is 477181 a composite number?
True
Is 5167 composite?
False
Is 3860597 composite?
True
Is 1321058 prime?
False
Is 15305 a prime number?
False
Is 1430815 a composite number?
True
Is 18989 prime?
False
Is 94378 a prime number?
False
Is 514039 a prime number?
False
Is 418027 a prime number?
True
Is 32273 composite?
True
Is 28807 prime?
True
Is 12391 composite?
False
Is 4412743 a composite number?
False
Is 218347 a composite number?
True
Is 737 composite?
True
Is 91551 a composite number?
True
Is 84055 prime?
False
Is 1682797 composite?
True
Is 3994 prime?
False
Is 62801 prime?
True
Is 15439 a composite number?
False
Is 414353 a composite number?
True
Is 1363 a prime number?
False
Is 1229797 a composite number?
True
Is 10289 a prime number?
True
Is 207033 composite?
True
Is 7069 prime?
True
Is 5147 prime?
True
Is 9923 a prime number?
True
Is 12839 a prime number?
False
Is 4548689 a prime number?
False
Is 1094747 a composite number?
False
Is 48803 a composite number?
True
Is 19797 a composite number?
True
Is 16145 composite?
True
Is 105667 prime?
True
Is 925255 composite?
True
Is 179077 prime?
False
Is 91099 a prime number?
True
Is 20153 a prime number?
False
Is 4441 prime?
True
Is 22613 a composite number?
False
Is 752087 prime?
False
Is 1462157 prime?
True
Is 82457 prime?
True
Is 39359 a composite number?
False
Is 17291 composite?
False
Is 9109 composite?
False
Is 76037 composite?
True
Is 39113 a composite number?
False
Is 28115 a composite number?
True
Is 55851 a composite number?
True
Is 40735 a prime number?
False
Is 54521 a prime number?
True
Is 277505 composite?
True
Is 19555 a composite number?
True
Is 53773 a prime number?
True
Is 19911 a composite number?
True
Is 74831 composite?
False
Is 5561 composite?
True
Is 51749 composite?
False
Is 255979 prime?
False
Is 99065 a composite number?
True
Is 1986247 prime?
False
Is 68945 a prime number?
False
Is 16493 composite?
False
Is 18883 a composite number?
True
Is 625267 a prime number?
True
Is 10847 composite?
False
Is 1177 a composite number?
True
Is 2236981 a prime number?
True
Is 85639 prime?
True
Is 227989 a composite number?
False
Is 6683 prime?
False
Is 34813 prime?
False
Is 833615 prime?
False
Is 23515 prime?
False
Is 371131 a composite number?
False
Is 25019 composite?
True
Is 533447 a prime number?
True
Is 73703 prime?
False
Is 2053103 composite?
True
Is 450521 prime?
False
Is 779 a prime number?
False
Is 183151 prime?
True
Is 7499 a prime number?
True
Is 398053 prime?
True
Is 45233 a composite number?
False
Is 415013 prime?
True
Is 2306411 a prime number?
False
Is 33127 prime?
False
Is 52031 a composite number?
True
Is 1563 composite?
True
Is 57415 composite?
True
Is 241907 a prime number?
True
Is 77447 prime?
True
Is 1044809 prime?
True
Is 63959 a prime number?
False
Is 3499 a composite number?
False
Is 13138 prime?
False
Is 18553 a prime number?
True
Is 70039 prime?
True
Is 112019 a composite number?
False
Is 50533 prime?
False
Is 527 prime?
False
Is 35657 a composite number?
True
Is 505027 composite?
False
Is 185089 composite?
False
Is 20849 composite?
False
Is 3641 prime?
False
Is 13261 a prime number?
False
Is 13781 prime?
True
Is 137219 composite?
False
Is 1763651 a composite number?
False
Is 1119 a prime number?
False
Is 68311 composite?
False
Is 1162285 a composite number?
True
Is 7738867 a prime number?
True
Is 258779 composite?
False
Is 35807 a prime number?
False
Is 178081 prime?
False
Is 2537 a composite number?
True
Is 777493 composite?
True
Is 263 a composite number?
False
Is 50639 composite?
True
Is 341518 prime?
False
Is 147053 composite?
True
Is 8002 a prime number?
False
Is 111715 prime?
False
Is 26017 a composite number?
False
Is 1213 a prime number?
True
Is 6757 a prime number?
False
Is 808721 a prime number?
True
Is 1899941 a composite number?
True
Is 9059 prime?
True
Is 414607 a prime number?
True
Is 122903 a composite number?
True
Is 942979 prime?
True
Is 1657 a composite number?
False
Is 16561 a composite number?
False
Is 11593 a prime number?
True
Is 75631 a composite number?
True
Is 25945 composite?
True
Is 34781 a prime number?
True
Is 35317 a prime number?
True
Is 19231 composite?
False
Is 155651 prime?
False
Is 1078685 prime?
False
Is 144427 composite?
False
Is 235687 a composite number?
True
Is 31315 prime?
False
Is 31877 a composite number?
True
Is 10391 prime?
True
Is 41579 a prime number?
True
Is 17827 composite?
False
Is 65407 prime?
True
Is 164011 prime?
True
Is 58627 prime?
False
Is 3641 prime?
False
Is 521 a prime number?
True
Is 105217 a prime number?
False
Is 825763 a prime number?
True
Is 1425251 a composite number?
False
Is 1159 a prime number?
False
Is 926 a prime number?
False
Is 466 prime?
False
Is 10651 a prime number?
True
Is 60239 prime?
False
Is 133138 composite?
True
Is 123307 prime?
True
Is 3221 composite?
False
Is 7899 prime?
False
Is 63062 composite?
True
Is 8747 a prime number?
True
Is 9406 a prime number?
False
Is 75419 a prime number?
False
Is 23719 composite?
False
Is 1766933 a composite number?
True
Is 102137 a composite number?
True
Is 18659 a composite number?
True
Is 13553 a composite number?
False
Is 19801 prime?
True
Is 445229 composite?
False
Is 37871 composite?
False
Is 292835 composite?
True
Is 97117 prime?
True
Is 21313 prime?
True
Is 7247 prime?
True
Is 8923 a prime number?
True
Is 128771 prime?
False
Is 24791 a prime number?
False
Is 6739 a composite number?
True
Is 248761 a composite number?
True
Is 15713 prime?
False
Is 2286827 composite?
False
Is 14901 prime?
False
Is 287753 a composite number?
True
Is 1793303 a composite number?
False
Is 190093 prime?
True
Is 937 a composite number?
False
Is 12037 a prime number?
True
Is 847097 composite?
False
Is 33359 composite?
False
Is 48443 composite?
True
Is 5377 a prime number?
False
Is 149 composite?
False
Is 2819 a composite number?
False
Is 406967 a prime number?
False
Is 841559 a prime number?
True
Is 5323 composite?
False
Is 71861 composite?
False
Is 5001 prime?
False
Is 828265 prime?
False
Is 3086 a composite number?
True
Is 217661 prime?
True
Is 594011 a prime number?
False
Is 64919 composite?
False
Is 505111 prime?
True
Is 2859 composite?
True
Is 19567 composite?
True
Is 698641 a prime number?
True
Is 133631 composite?
False
Is 31307 composite?
False
Is 256541 a prime number?
True
Is 611503 a composite number?
True
Is 20159 prime?
False
Is 18839 composite?
False
Is 286651 composite?
False
Is 527551 prime?
False
Is 951353 a composite number?
True
Is 4373 composite?
False
Is 2609 a composite number?
False
Is 14785 a composite number?
True
Is 21059 a composite number?
False
Is 4253 prime?
True
Is 991891 prime?
False
Is 62747 prime?
False
Is 58537 a composite number?
False
Is 1895 a prime number?
False
Is 25111 a composite number?
False
Is 6511 a composite number?
True
Is 47803 a composite number?
True
Is 2341817 composite?
False
Is 2683 composite?
False
Is 3589 a prime number?
False
Is 9194 composite?
True
Is 1110583 a prime number?
True
Is 1693 a composite number?
False
Is 6387 prime?
False
Is 493837 a composite number?
True
Is 142679 a prime number?
False
Is 2111 a composite number?
False
Is 1452445 a composite number?
True
Is 587851 composite?
True
Is 33221 composite?
True
Is 5959 composite?
True
Is 11665 a prime numbe